 - 6. Let c be w/(-2)*(-1)/(-4). Is (9 - 122)/((-1)/c) prime?
True
Suppose -4*p = 5*q + 504 + 590, -4*q + 1076 = -4*p. Suppose 3*g + 246 = 1398. Let b = p + g. Is b prime?
True
Let s(z) = -z**2 + 1. Let u be (-6)/4*10/(-15). Let p be s(u). Suppose 5*l - 3*m - 65 = p, 4*l + 0*m - m - 45 = 0. Is l a prime number?
False
Let f = 176 - -1979. Let x = -1372 - f. Is (-2)/15 + x/(-15) composite?
True
Let n be -10*4/(-40)*6. Suppose n*k - 1724 = 6298. Is k a prime number?
False
Let u(v) = -34*v + 3377. Is u(0) a composite number?
True
Suppose -4*i - 5*g = -2344, 7*g = 4*i + 3*g - 2380. Is i prime?
False
Let n = -606 + 4315. Is n composite?
False
Let s be 0 - (-14)/2*-1. Let d be (-24)/s + (-3)/7. Suppose -q + d*q = 374. Is q prime?
False
Suppose 0 = -5*g + x + 30844, -3*g - 2*x + 6873 + 11623 = 0. Suppose -2*m = o - 4103, -o + 4*o = 3*m - g. Is m a prime number?
True
Suppose -1977 = -5*h + 2*z + 2420, 0 = -3*h - 5*z + 2632. Is h a composite number?
True
Suppose 7*j - 3817 - 1741 = 0. Is j a composite number?
True
Let q = 2 - -2. Is (q/6)/(9230/2307 - 4) a prime number?
True
Suppose -2*n = q + 6, -4*q + 26 = n - 3*n. Suppose 4*g + 4*v - 317 = 231, -5*g - q*v = -689. Is g a prime number?
False
Suppose 15*r - 7*r = 45896. Is r a composite number?
False
Suppose 4*t - 2*q = 102, -22 = -t - 4*q + 8. Let o = 28 - t. Suppose -3*u + 5*r + 582 = 0, -4*u + o*r + 801 = 25. Is u prime?
False
Let a(b) = 71*b**3 - 3*b**2 + 12*b - 7. Is a(2) composite?
True
Let g(s) = s**2 + s + 1311. Let a be g(0). Suppose 11*m = 8*m + a. Let z = m + -298. Is z a prime number?
True
Let m(n) be the first derivative of 8*n**3/3 + 3*n**2/2 + 6*n - 4. Suppose 0 = 5*p + 30 - 5. Is m(p) a prime number?
True
Suppose -f = 4*r - 829, -4*r = 3*f - 0*r - 2463. Let i = -522 + f. Is i a prime number?
False
Let w(l) = -l**3 + 43*l**2 + 48*l + 57. Is w(38) prime?
False
Let y(m) = 5*m**3 + 21*m**2 + 21*m - 579. Is y(14) a prime number?
True
Suppose -2*y = 17*y - 578531. Is y a composite number?
False
Let s(z) = 42*z**2 + 23*z + 6. Is s(-11) a prime number?
False
Let j = 10614 - -1709. Is j composite?
False
Suppose -97231 = -5*u + 119994. Is u a composite number?
True
Is (-14844)/(-4) - (1 - -1) prime?
True
Let v(r) = 519*r**2 + 2*r - 2. Is v(1) prime?
False
Suppose -2*d + 0*i - 54 = -4*i, i = -5*d - 91. Let m(x) = -97*x - 42. Is m(d) a prime number?
True
Let l(n) be the second derivative of -140*n**3/3 + n**2/2 + 3*n. Let g be l(-1). Let m = g - 142. Is m a composite number?
False
Let g(b) = -3*b**3 - b**2 - b + 1. Let v be g(-1). Suppose -v*w = z - 640, -4*w + 456 = -z - 192. Is w composite?
True
Suppose 5*m - 4*i - 3 = 3, -2 = m - 4*i. Suppose -m*d + 149 + 63 = 0. Is d a prime number?
False
Let b = 380 + -133. Let w = b - 170. Is w composite?
True
Suppose 0 = -2*x + 5*x, -4*m + 28 = x. Let d(k) = k**2 - 8*k + 10. Let t be d(m). Suppose -s = f - t*s - 83, 3*f - 2*s = 237. Is f prime?
False
Let k = -25 - -39. Suppose -2*m + 304 = k. Suppose -z + 2*d = -m, -4*d - d = -z + 139. Is z prime?
True
Let l = 11 + -18. Let y = l + 3. Is 14/((-2)/8*y) prime?
False
Let j be (-52)/(-16) + -3 + 95/20. Suppose -17982 = -4*q - 2*n - 0*n, j*n = -2*q + 9011. Is q prime?
True
Let m(j) = j**2 + 13*j - 49. Is m(9) a prime number?
True
Let s(v) = 3 - 8 - 4*v - 19*v + 2. Is s(-14) composite?
True
Suppose 0 = 4*f + 6*f - 5320. Suppose -178 = -5*m - 3*p + f, -p = m - 142. Is m a composite number?
True
Let y be (-26)/39*(-18)/2. Let n(i) = i**3 + 3*i**2 + 14*i - 1. Is n(y) a composite number?
True
Let v = -12808 + 32379. Is v composite?
False
Let y be (4 - (-4)/(-1))/1. Suppose -2*r - 2 = -y. Is -4 - 1/(r/18) a composite number?
True
Suppose 0 = -3*w - 8 - 1. Let l(b) = -50*b**3 - 2*b**2 - 3*b - 4. Is l(w) a composite number?
True
Let n = 1956 + 863. Is n a composite number?
False
Let c(s) = 502*s - 4. Let y be c(3). Let v be (2 + (-8 - -4))*(-2143)/2. Let p = v - y. Is p composite?
False
Let r = 30911 - 6162. Is r prime?
True
Suppose -3*q = -3*l - 59103, -2*q - 7391 + 46773 = 3*l. Is q prime?
True
Let f = -3 + 5. Let w be 6*5/(-30)*-3. Suppose 7*u - w*u + 582 = f*c, 4*c - 2*u = 1170. Is c a prime number?
True
Let x(w) = 849*w**2 + 311*w - 1. Is x(-6) a composite number?
False
Suppose 136 = -0*g + 5*g + 4*i, -2*g + 55 = i. Let b = -40 + g. Let x(q) = -53*q + 5. Is x(b) a prime number?
True
Let w(o) = o**3 - 2*o**2 - o - 2. Let j be w(3). Suppose z - 6*z - 5*p + 230 = 0, -z + j*p = -61. Is (-5694)/(-14) + 14/z a prime number?
False
Let y = 78 + -35. Suppose 251 = y*d - 42*d. Is d prime?
True
Let p = 35 - 29. Suppose 3 = -2*u - 5. Is 6186/12 - p/u a composite number?
True
Suppose u = -l - 1, -5*u + 4 = -3*u - l. Let p be (-1 - (u - -1)) + 68. Suppose p = -5*b + 300. Is b composite?
False
Suppose -x - 5 = t, 0 = 3*x + x - 3*t - 15. Suppose x = 18*j - 16*j - 3106. Is j composite?
False
Let z(f) = f**2 - f - 5. Let r be z(3). Let i be (r - (-3)/(-6))*0. Suppose 179 = t - i. Is t composite?
False
Suppose 2*q = 3*n + 2936, 2*q - 5*n + 1455 = 3*q. Is 1*(q - 4) - -4 a composite number?
True
Suppose -7*z + 5*z + 146 = 2*r, -2*r + 3*z + 126 = 0. Let j = r - -3872. Is j a composite number?
True
Let q(z) = 7*z**3 + 22*z**2 - 21*z - 34. Let v(l) = 4*l**3 + 11*l**2 - 11*l - 17. Let t(d) = -3*q(d) + 5*v(d). Let o = -76 - -64. Is t(o) prime?
False
Let s(x) = -x**3 + 7*x**2 + 4. Let k be s(7). Suppose 1 = f + k. Is f + (-3)/(-1) + 293 prime?
True
Let h = -9 + 23. Suppose -124 + h = -2*c. Is c composite?
True
Let x = -2834 - -1508. Let u = x - -2123. Is u prime?
True
Suppose -3*d = 0, 2*y = 3*y + 3*d - 2. Suppose -3*a = -y*s + a + 1146, 0 = 5*s + 4*a - 2935. Is s a composite number?
True
Suppose 3*s = -2*b - 5, -2*s + 8 + 6 = -3*b. Let w(v) = 29*v**3 + 2*v**2 - 1. Let i be w(1). Let a = i + s. Is a a composite number?
False
Suppose 0*n = -5*n + 3*q + 52897, n - 10557 = -5*q. Is n composite?
True
Is ((-7)/((-98)/23849))/(2/20) composite?
True
Let t be ((-18)/(-15))/(4/10). Suppose t*l - 284 = -l. Is l a composite number?
False
Suppose -20*i + 17*i = -8691. Is i prime?
True
Suppose 0 = u + 352 - 1157. Suppose 0 = 2*q - 7*q + u. Let o = 276 - q. Is o composite?
True
Let s(u) = u**3 - 3*u**2 - 4. Let a(g) = 5*g**3 - 12*g**2 - 15. Let w(h) = 2*a(h) - 9*s(h). Let k be w(-3). Suppose -3*v = -k*v + 633. Is v a prime number?
True
Let o = 23 + -18. Let j(a) = 5*a**2 + 17. Is j(o) prime?
False
Let d(c) = 3*c**3 + c**2 + 3*c + 3. Let v(n) = 3*n**3 + 3*n + 3. Let f(t) = 5*d(t) - 4*v(t). Is f(4) a prime number?
False
Let r = -46 + 52. Suppose -3504 = -r*l + 12. Is l composite?
True
Suppose 6*v = 5*v + 3*a + 525, 2*a + 2599 = 5*v. Is v a composite number?
True
Let o(b) = 9877*b - 97. Is o(2) a prime number?
False
Suppose -3 = -2*v + 13. Suppose 5*f + 14 = 2*m, -2*f = 3*m - 3*f - v. Is (8 - m)/2 + 32 a composite number?
True
Let t(f) = 68*f**3 + 2*f**2 + 2*f + 9. Let p be t(4). Is p/18*4/6 a prime number?
True
Let u be 681 + (-6 - 0 - -3). Let q = 1117 - u. Is q a prime number?
True
Let s(x) = 38*x**2 - 2*x + 1. Is s(-2) prime?
True
Is (0 - 1)*-1 - (-27776 + -2) prime?
True
Suppose 768*p - 769*p = -1366. Is p composite?
True
Let d(r) = 19*r**2 - 87*r - 101. Is d(47) composite?
False
Let s(g) = g**3 + 4*g**2 + g - 1. Let i be s(-2). Suppose -i*d + 4605 = -2*d. Is d a prime number?
False
Let q(d) = -2*d - 54. Let x be q(-28). Is (x - 0) + (21 - -512) composite?
True
Suppose -k = -3*j + 5960, 2*k = -4*j - 2*k + 7952. Suppose -2*g + j = -3*d, 2*d + 4 = 10. Is g a composite number?
True
Let g(i) = -22*i + 5. Let y be (-125)/(-15) - (-6)/9. Suppose -3*p - m = -2*p + y, 2*m = p - 3. Is g(p) prime?
False
Let r(g) = 2*g**3 - 53*g**2 + 33*g - 77. Is r(27) prime?
True
Let o(p) be the first derivative of -2*p**2 + 7*p - 6 + 1/3*p**3. Is o(6) a composite number?
False
Let u(f) = 87*f**2 - 28*f + 120. Is u(5) composite?
True
Suppose -2*o - k + 8 = 0, -o - 4*k = 2 - 20. Suppose 0 = 2*l - 4*t + o*t - 3688, -5526 = -3*l + t. Is l composite?
True
Suppose r = 2*r - 2. Let o be (-294)/(-70) + r/(-10). Suppose 3*g - 6*g + 5*k = -149, o*g + 5*k = 257. Is g a prime number?
False
Suppose 5*z = -2*o - 14, 0 = -4*o - 2*z + z + 8. Is (1/o)/((-2)/(-9942)*1) a composite number?
False
Let h(c) be the third derivative of -c**6/60 - 5*c**4/24 - 5*c**3/6 - 9*c**2 - c. Let j = -3 - 1. I